89 (base 16) to base 12.
-24809
What is -551950 (base 15) in base 10?
-4055475
56ba4 (base 12) to base 3
12212210021
Convert a5b0a (base 13) to base 16.
48de0
54232543 (base 6) to base 13
44322c
-3614b (base 14) to base 11
-90178
What is 293663 (base 10) in base 11?
1906a7
Convert 3732471 (base 8) to base 6.
34021521
What is 3374717 (base 8) in base 2?
11011111100111001111
What is -7b6a7 (base 13) in base 6?
-4454445
Convert -351746 (base 10) to base 11.
-2202aa
42067 (base 8) to base 3
212221210
-1014009 (base 13) to base 7
-56226150
What is 4644913 (base 10) in base 13?
c68290
What is 3540224 (base 7) in base 2?
1101101000011101110
What is 13223233200 (base 4) in base 11?
115630a
-8782247 (base 9) to base 2
-10010000000000110101110
What is 17140068 (base 10) in base 7?
265455021
What is 4869ab (base 14) in base 10?
2477003
Convert -193911 (base 12) to base 9.
-743214
Convert 4753b6 (base 12) to base 10.
1149690
What is 105365021 (base 7) in base 4?
120133102103
What is -3601487 (base 9) in base 2?
-111011100000000110101
-11000111100100100111 (base 2) to base 3
-1112112022211
Convert -7029311 (base 11) to base 4.
-233131233003
Convert 274039 (base 14) to base 12.
554597
110101200202220 (base 3) to base 5
3141302213
Convert 1000000011000111111010 (base 2) to base 15.
2ba281
What is -207324 (base 10) in base 15?
-41669
What is -331500 (base 14) in base 3?
-10021000110121
Convert 4b38b5 (base 12) to base 8.
4542111
What is -b11b8 (base 16) in base 9?
-1325085
What is 12203121333 (base 4) in base 6?
100453103
Convert 11022002101222 (base 3) to base 4.
20231312312
What is -252435 (base 7) in base 12?
-22b13
Convert 2344243 (base 5) to base 13.
16b75
What is 15125448 (base 9) in base 10?
7516358
What is -8b036 (base 16) in base 14?
-10b714
Convert -19354 (base 15) to base 5.
-10104004
What is c3111 (base 14) in base 12?
1a77b7
What is 244355 (base 7) in base 6?
543145
What is 1132222203 (base 4) in base 7?
3203313
Convert 700540 (base 9) to base 14.
aab20
Convert c1cb (base 15) to base 7.
230201
Convert -202bc2 (base 13) to base 15.
-ebdd2
101023120 (base 4) to base 16
112d8
What is -3000320000 (base 4) in base 13?
-218786
What is -15c7b4 (base 14) in base 4?
-2322213022
-39c3d (base 15) to base 14
-4b5cc
What is -1000000101101000011000 (base 2) in base 16?
-205a18
Convert -1011110122211 (base 3) to base 10.
-619402
What is 1314014 (base 6) in base 10?
72154
Convert 413202412 (base 5) to base 7.
20254042
1105515 (base 6) to base 5
3240303
Convert 930e (base 15) to base 9.
46545
What is 44545340 (base 6) in base 2?
101001001111111011100
-1242aa (base 12) to base 14
-7a678
What is 1320421545 (base 6) in base 14?
212d5b3
What is -11128 (base 15) in base 2?
-1101001111110111
Convert 21341525 (base 6) to base 3.
1012021200022
Convert 33004143 (base 5) to base 8.
1046306
-347516 (base 8) to base 7
-1002535
What is -198147 (base 13) in base 5?
-131134041
1001213 (base 7) to base 3
20000000002
-3e2d8a (base 15) to base 13
-80bcab
-11101011001011010 (base 2) to base 5
-12323120
What is -c2a766 (base 13) in base 16?
-453643
What is -7998b1 (base 14) in base 13?
-b1acb6
Convert -6524603 (base 7) to base 14.
-16a33a
Convert 4901a24 (base 11) to base 9.
17053266
Convert -1533411 (base 6) to base 12.
-44267
Convert 331203320333 (base 4) to base 2.
111101100011111000111111
What is 1100201 (base 4) in base 14?
1c41
What is -13445206 (base 8) in base 15?
-3edd3e
What is 2211102101220 (base 3) in base 7?
15533325
What is -22200222112120 (base 3) in base 10?
-4625169
-222113234 (base 5) to base 16
-ed890
What is 186e3 (base 15) in base 14?
20c04
What is a479a (base 12) in base 7?
1554661
100110110101100001010 (base 2) to base 3
2101122122211
Convert 6156186 (base 10) to base 16.
5def9a
Convert -262035 (base 7) to base 15.
-e68c
Convert 1201ea (base 16) to base 7.
13013431
What is 43121221 (base 5) in base 6?
11444520
-504d58 (base 15) to base 13
-a36952
Convert -20c75 (base 14) to base 4.
-103112313
Convert 510757 (base 8) to base 11.
1055aa
What is 322022120 (base 4) in base 11?
152a95
-1310022103 (base 4) to base 8
-1641223
Convert -143a88 (base 11) to base 4.
-312322102
Convert -10144024 (base 7) to base 9.
-1536737
What is -1101000001101010001 (base 2) in base 7?
-3425261
10110111111100100 (base 2) to base 8
267744
Convert -455453353 (base 6) to base 12.
-2987259
What is -1010001001010 (base 3) in base 9?
-1101033
-101433313 (base 5) to base 4
-1212303123
-3205521 (base 6) to base 3
-21222002011
Convert -211100431 (base 5) to base 9.
-1577643
-120301133022 (base 4) to base 16
-6317ca
21413004 (base 5) to base 13
664bc
10230014242 (base 5) to base 15
e2ebec
Convert 2bacb2b (base 13) to base 6.
1221102115
38081 (base 12) to base 14
1da5b
Convert 561156 (base 7) to base 9.
160560
491968 (base 11) to base 14
1639ab
Convert 101020210122 (base 3) to base 15.
3ebc8
Convert -35134040 (base 6) to base 16.
-1090c8
Convert -73163 (base 11) to base 2.
-11010000010101110
Convert -5eb20 (base 16) to base 5.
-44402442
60336 (base 7) to base 10
14580
Convert -10021e (base 16) to base 6.
-34253010
Convert -221212201112 (base 3) to base 15.
-a0dce
What is -11287a (base 12) in base 13?
-97ab9
What is -6653344 (base 7) in base 10?
-819949
-15a223 (base 14) to base 12
-306633
What is 491c1 (base 16) in base 12?
125369
16879 (base 14) to base 11
39544
-30002201020 (base 4) to base 3
-12221100021101
-115131135 (base 7) to base 6
-414202013
Convert -10001100001100 (base 2) to base 8.
-21414
What is -1a637 (base 15) in base 14?
-2338d
Convert 292b499 (base 13) to base 2.
110001111000101101100010
What is -211b49 (base 12) in base 2?
-1111111011000101001
20110100102012 (base 3) to base 13
931cc4
What is -682874 (base 12) in base 8?
-6261130
Convert 2c4027 (base 16) to base 9.
5410050
Convert -2435013 (base 7) to base 4.
-1030002132
Convert 45483 (base 15) to base 2.
110101110011101110
What is 15cb1 (base 15) in base 14?
1b902
What is -3200120133 (base 4) in base 11?
-57856a
Convert 1200000010 (base 3) to base 9.
50003
Convert 101101101001101110 (base 2) to base 8.
555156
What is -111111001010010101010111 (base 2) in base 6?
-1350514343
Convert -71ddc (base 14) to base 5.
-32240043
Convert 377bb4 (base 15) to base 8.
12110721
Convert 13210230212 (base 4) to base 16.
1e4b26
-10058491 (base 10) to base 9
-20830581
10e9e6 (base 15) to base 9
1462500
Convert -120015604 (base 7) to base 10.
-7416301
Convert 2b1b711 (base 13) to base 12.
475141a
5c082 (base 13) to base 4
221110323
What is 337018 (base 10) in base 4?
1102101322
What is 24b5c1 (base 15) in base 7?
20646160
What is -3130301002 (base 4) in base 2?
-11011100110001000010
-1265434 (base 7) to base 6
-3331541
What is 10032200132 (base 4) in base 9?
2067788
Convert -130230133 (base 4) to base 9.
-188204
e8ae5 (base 16) to base 15
13c5c6
What is 42234116 (base 7) in base 16?
368009
Convert -141321344 (base 5) to base 16.
-b21ff
-1a5ba40 (base 14) to base 9
-26634713
-11bce6 (base 16) to base 11
-724421
What is -10122503 (base 7) in base 3?
-1120222121112
Convert 308b3 (base 13) to base 10.
87181
13586c (base 14) to base 16
a3328
What is -101001111001110100101000 (base 2) in base 9?
-22602211
Convert 8aad38 (base 16) to base 14.
12c80d2
Convert 2022011211 (base 3) to base 11.
31068
What is -106110 (base 10) in base 12?
-514a6
-31ba4c (base 16) to base 14
-60b948
-102516 (base 9) to base 2
-1110110111111111
-2210313 (base 6) to base 2
-11010111011000101
331200200222 (base 4) to base 3
1010100011220012
What is -f85e (base 16) in base 2?
-1111100001011110
What is -2002001100111 (base 3) in base 9?
-2061314
What is -1010001001110101 (base 2) in base 8?
-121165
Convert 9302a (base 16) to base 13.
181107
3219069 (base 10) to base 6
152555033
Convert -10010000001000010 (base 2) to base 12.
-36856
-78a786 (base 12) to base 10
-1926102
Convert cade (base 16) to base 4.
30223132
What is -111110011101100111101 (base 2) in base 6?
-111511501
What is 113124002 (base 6) in base 2?
1000000011010100100010
What is 773338 (base 11) in base 7?
13330241
Convert -1323223320 (base 4) to base 15.
-a0196
Convert 1013248 (base 15) to base 3.
210112211001012
-141535 (base 11) to base 8
-660625
Convert -11001101000100000 (base 2) to base 4.
-121220200
Convert 13